705382?
3
What is the hundreds digit of 65971?
9
What is the ten thousands digit of 2863444?
6
What is the hundreds digit of 974521?
5
What is the hundreds digit of 3298053?
0
What is the millions digit of 1319494?
1
What is the ten thousands digit of 288361?
8
What is the thousands digit of 5122215?
2
What is the hundreds digit of 402134?
1
What is the hundred thousands digit of 501869?
5
What is the tens digit of 419417?
1
What is the hundreds digit of 2891203?
2
What is the thousands digit of 6185035?
5
What is the units digit of 17552?
2
What is the hundred thousands digit of 174473?
1
What is the millions digit of 9354620?
9
What is the ten thousands digit of 203847?
0
What is the hundreds digit of 1056210?
2
What is the millions digit of 5593232?
5
What is the hundreds digit of 4079749?
7
What is the tens digit of 428046?
4
What is the thousands digit of 434613?
4
What is the hundreds digit of 8622415?
4
What is the hundreds digit of 417721?
7
What is the thousands digit of 204244?
4
What is the tens digit of 6176830?
3
What is the tens digit of 3850699?
9
What is the hundred thousands digit of 316672?
3
What is the hundreds digit of 3650864?
8
What is the thousands digit of 157292?
7
What is the tens digit of 184919?
1
What is the hundreds digit of 7423992?
9
What is the tens digit of 760458?
5
What is the ten millions digit of 10939847?
1
What is the units digit of 17691893?
3
What is the millions digit of 28053861?
8
What is the hundreds digit of 36600729?
7
What is the hundred thousands digit of 2919421?
9
What is the units digit of 24062619?
9
What is the hundreds digit of 525844?
8
What is the units digit of 5804122?
2
What is the thousands digit of 726377?
6
What is the thousands digit of 2929416?
9
What is the tens digit of 674282?
8
What is the units digit of 23927376?
6
What is the hundred thousands digit of 745555?
7
What is the hundreds digit of 1322977?
9
What is the hundred thousands digit of 2286852?
2
What is the units digit of 1198230?
0
What is the hundreds digit of 302345?
3
What is the units digit of 226995?
5
What is the hundred thousands digit of 158778?
1
What is the millions digit of 8559297?
8
What is the thousands digit of 162239?
2
What is the thousands digit of 79867?
9
What is the tens digit of 745788?
8
What is the units digit of 111783?
3
What is the millions digit of 2599321?
2
What is the hundreds digit of 6590690?
6
What is the units digit of 275123?
3
What is the units digit of 554345?
5
What is the hundreds digit of 4303579?
5
What is the tens digit of 21852803?
0
What is the thousands digit of 1230031?
0
What is the millions digit of 30939077?
0
What is the tens digit of 11555643?
4
What is the units digit of 1958182?
2
What is the thousands digit of 3410693?
0
What is the thousands digit of 2806895?
6
What is the hundred thousands digit of 7866023?
8
What is the units digit of 228666?
6
What is the ten thousands digit of 10214?
1
What is the millions digit of 4135880?
4
What is the hundred thousands digit of 26531875?
5
What is the tens digit of 937527?
2
What is the tens digit of 419129?
2
What is the ten millions digit of 12047426?
1
What is the millions digit of 5454212?
5
What is the ten thousands digit of 2315097?
1
What is the thousands digit of 9798531?
8
What is the hundred thousands digit of 239876?
2
What is the hundred thousands digit of 611902?
6
What is the thousands digit of 714421?
4
What is the millions digit of 1702226?
1
What is the thousands digit of 9889053?
9
What is the thousands digit of 409613?
9
What is the ten thousands digit of 21615?
2
What is the ten thousands digit of 377389?
7
What is the hundred thousands digit of 294300?
2
What is the hundreds digit of 865357?
3
What is the thousands digit of 37893?
7
What is the millions digit of 2143534?
2
What is the ten thousands digit of 3466795?
6
What is the ten thousands digit of 1220535?
2
What is the thousands digit of 1903093?
3
What is the tens digit of 149304?
0
What is the units digit of 387623?
3
What is the ten thousands digit of 139540?
3
What is the hundred thousands digit of 122103?
1
What is the hundreds digit of 4020285?
2
What is the tens digit of 458588?
8
What is the ten thousands digit of 1629291?
2
What is the hundred thousands digit of 331580?
3
What is the hundred thousands digit of 1018010?
0
What is the hundreds digit of 270835?
8
What is the ten thousands digit of 1069735?
6
What is the hundreds digit of 195288?
2
What is the hundreds digit of 1772721?
7
What is the ten thousands digit of 540225?
4
What is the thousands digit of 57746?
7
What is the tens digit of 340317?
1
What is the ten millions digit of 12727243?
1
What is the millions digit of 12821385?
2
What is the units digit of 18305614?
4
What is the hundreds digit of 11322545?
5
What is the ten thousands digit of 7492756?
9
What is the hundreds digit of 11372345?
3
What is the hundreds digit of 10173072?
0
What is the hundreds digit of 5125344?
3
What is the units digit of 89572?
2
What is the hundreds digit of 875737?
7
What is the tens digit of 822237?
3
What is the thousands digit of 105364?
5
What is the millions digit of 1880293?
1
What is the thousands digit of 118010?
8
What is the ten thousands digit of 478567?
7
What is the tens digit of 333892?
9
What is the tens digit of 35977943?
4
What is the units digit of 2432618?
8
What is the hundred thousands digit of 312901?
3
What is the ten thousands digit of 8887180?
8
What is the thousands digit of 8276806?
6
What is the hundred thousands digit of 258481?
2
What is the ten thousands digit of 1665561?
6
What is the tens digit of 65964?
6
What is the ten thousands digit of 1921675?
2
What is the units digit of 10181458?
8
What is the units digit of 2338766?
6
What is the ten thousands digit of 708278?
0
What is the hundred thousands digit of 464288?
4
What is the hundreds digit of 367004?
0
What is the units digit of 433616?
6
What is the units digit of 4734885?
5
What is the hundred thousands digit of 25614881?
6
What is the units digit of 292101?
1
What is the hundreds digit of 253926?
9
What is the hundreds digit of 597477?
4
What is the ten thousands digit of 352055?
5
What is the hundred thousands digit of 6452631?
4
What is the hundred thousands digit of 239334?
2
What is the hundred thousands digit of 17226931?
2
What is the hundred thousands digit of 3513452?
5
What is the hundred thousands digit of 164809?
1
What is the thousands digit of 1382219?
2
What is the units digit of 365370?
0
What is the units digit of 15951214?
4
What is the units digit of 168461?
1
What is the tens digit of 561408?
0
What is the tens digit of 664239?
3
What is the hundred thousands digit of 292819?
2
What is the hundreds digit of 2828631?
6
What is the tens digit of 661593?
9
What is the thousands digit of 358454?
8
What is the thousands digit of 2784440?
4
What is the hundred thousands digit of 170016?
1
What is the thousands digit of 806743?
6
What is the units digit of 101561?
1
What is the units digit of 841032?
2
What is the hundreds digit of 8319130?
1
What is the millions digit of 2385316?
2
What is the thousands digit of 194974?
4
What is the hundreds digit of 5338?
3
What is the tens digit of 7244533?
3
What is the thousands digit of 130852?
0
What is the millions digit of 2928241?
2
What is the millions digit of 3031461?
3
What is the units digit of 6280323?
3
What is the thousands digit of 2838221?
8
What is the millions digit of 16729780?
6
What is the hundred thousands digit of 502920?
5
What is the tens digit of 15434554?
5
What is the units digit of 3515254?
4
What is the hundred thousands digit of 122632?
1
What is the tens digit of 90185?
8
What is the hundreds digit of 3760499?
4
What is the ten thousands digit of 4543280?
4
What is the units digit of 10837018?
8
What is the ten thousands digit of 88772?
8
What is the units digit of 858664?
4
What is the hundreds digit of 881778?
7
What is the tens digit of 3020560?
6
What is the hundreds digit of 120363?
3
What is the hundred thousands digit of 389177?
3
What is the units digit of 267013?
3
What is the hundreds digit of 5003?
0
What is the units digit of 211786?
6
What is the hundreds digit of 157777?
7
What is the millions digit